45 and 439395933.
69
What is the greatest common divisor of 39783608 and 8?
8
Calculate the greatest common divisor of 2172 and 1149238866.
1086
What is the highest common factor of 209573925 and 212?
53
Calculate the greatest common factor of 3023403 and 3.
3
Calculate the greatest common divisor of 156 and 3655236.
156
Calculate the greatest common factor of 11382 and 243358.
542
Calculate the highest common divisor of 8782455 and 329375.
2635
Calculate the highest common divisor of 1157614 and 728757.
2999
Calculate the highest common factor of 11124 and 184886442.
5562
Calculate the greatest common factor of 1801010 and 1140.
190
What is the greatest common factor of 24 and 525376248?
24
Calculate the greatest common divisor of 5260577272 and 3572.
3572
What is the greatest common factor of 37235 and 10666135?
3385
Calculate the highest common divisor of 147470 and 8.
2
What is the highest common divisor of 216 and 7627338?
54
What is the highest common factor of 11936184 and 1809?
201
What is the greatest common divisor of 19057 and 88700305?
1003
What is the highest common factor of 2314638 and 342?
18
Calculate the highest common factor of 1256518 and 7504.
134
Calculate the greatest common factor of 3 and 4477106.
1
Calculate the greatest common factor of 56976 and 33963.
3
Calculate the greatest common factor of 576154555 and 2245.
2245
Calculate the highest common divisor of 640032 and 27572.
452
Calculate the highest common factor of 383901 and 821433.
303
What is the highest common divisor of 18998 and 2276102?
118
Calculate the greatest common factor of 8032403 and 39421.
499
What is the greatest common factor of 32771 and 79?
1
What is the greatest common divisor of 33 and 10706883?
33
What is the highest common divisor of 953 and 226221234?
953
Calculate the greatest common factor of 14148 and 3089897.
131
What is the greatest common factor of 11598 and 30301708?
3866
What is the highest common factor of 2582958 and 53578?
1246
Calculate the highest common divisor of 2051 and 547651867.
2051
What is the greatest common divisor of 111 and 302531314?
37
Calculate the highest common divisor of 486 and 80982666.
486
What is the greatest common factor of 27025 and 1916425?
1175
What is the highest common factor of 130526 and 2500190?
374
Calculate the greatest common factor of 2184 and 4200378.
546
Calculate the highest common divisor of 218856 and 518954.
1658
What is the highest common factor of 107616 and 1964448?
1824
What is the greatest common divisor of 7520 and 93350460?
940
Calculate the highest common divisor of 22421934 and 1782.
162
What is the greatest common factor of 24622193 and 1756?
439
What is the highest common factor of 8620979 and 131?
131
Calculate the greatest common divisor of 165820 and 158770.
10
Calculate the highest common factor of 175 and 10993825.
25
What is the greatest common divisor of 80300 and 331420?
1460
What is the highest common factor of 55753 and 15?
1
Calculate the highest common divisor of 153 and 548032383.
153
Calculate the highest common divisor of 684 and 4000336.
76
What is the highest common divisor of 11765 and 3246235?
905
Calculate the greatest common factor of 6 and 129686646.
6
Calculate the greatest common divisor of 5408 and 77251928.
1352
Calculate the highest common divisor of 146595556 and 9741.
3247
Calculate the greatest common factor of 25249540 and 2290.
2290
What is the greatest common factor of 20769940 and 40?
20
What is the greatest common divisor of 6 and 63962?
2
Calculate the greatest common divisor of 779481 and 3393927.
3033
What is the highest common factor of 210 and 3368630?
10
What is the highest common factor of 37001246 and 19?
19
Calculate the greatest common divisor of 10543 and 188152.
811
Calculate the greatest common factor of 17121 and 59318558.
5707
What is the greatest common divisor of 226248 and 347952?
264
Calculate the greatest common divisor of 95111116 and 2628.
292
Calculate the highest common factor of 20 and 451993040.
20
What is the highest common divisor of 123420 and 57310?
110
Calculate the greatest common factor of 6930 and 2721510.
990
Calculate the highest common factor of 1895782 and 3458.
266
Calculate the highest common factor of 3164013 and 4275.
171
Calculate the greatest common divisor of 18823890 and 621.
69
Calculate the highest common factor of 22 and 3870119.
11
What is the highest common factor of 383 and 5598311?
383
What is the greatest common factor of 348 and 52870884?
12
Calculate the highest common divisor of 201136 and 376.
8
What is the highest common factor of 188371 and 1243?
113
What is the highest common factor of 748 and 340384319?
187
What is the greatest common factor of 10155195 and 18?
9
What is the highest common factor of 239600 and 2494000?
400
What is the greatest common divisor of 2604 and 643816432?
868
What is the highest common factor of 389495 and 10?
5
What is the greatest common factor of 33934414 and 1666?
34
What is the highest common factor of 33295 and 740700547?
6659
Calculate the greatest common divisor of 164906 and 4672.
2
What is the highest common divisor of 25352400 and 30?
30
Calculate the greatest common divisor of 75 and 16589730.
15
What is the highest common divisor of 2599 and 8342112?
113
Calculate the highest common factor of 4294944 and 1008288.
2592
Calculate the greatest common divisor of 220 and 32564510.
110
What is the greatest common factor of 1875636 and 26892?
324
Calculate the highest common divisor of 232351037 and 529.
23
What is the greatest common divisor of 195 and 291315?
15
What is the highest common divisor of 201456123 and 297?
33
What is the greatest common factor of 2363 and 1740103?
17
What is the highest common factor of 62812167 and 5841?
1947
What is the greatest common factor of 138940911 and 9?
9
What is the highest common divisor of 92108 and 49976?
4
Calculate the greatest common factor of 14685 and 8491935.
1335
What is the highest common divisor of 10805698 and 2?
2
Calculate the highest common divisor of 707357761 and 11.
11
Calculate the greatest common divisor of 3261330 and 6810.
30
What is the highest common factor of 506 and 46989414?
46
Calculate the greatest common factor of 8870381 and 52.
13
Calculate the highest common factor of 3658 and 115568.
62
Calculate the highest common divisor of 1158181 and 3669.
1223
What is the greatest common divisor of 6930 and 12857922?
1386
Calculate the highest common factor of 29614644 and 9.
9
What is the greatest common factor of 1595 and 5679505?
145
What is the highest common factor of 55880 and 50360?
40
What is the greatest common divisor of 4742 and 11819435?
2371
What is the highest common factor of 262706144 and 25784?
2344
Calculate the greatest common divisor of 52 and 237434.
2
Calculate the highest common factor of 2961 and 12477325.
329
Calculate the highest common factor of 1680 and 34291824.
336
What is the highest common divisor of 24 and 3890184?
24
Calculate the greatest common factor of 208162 and 430902.
74
What is the greatest common factor of 402696 and 12222?
126
Calculate the highest common divisor of 11622 and 65169.
39
Calculate the highest common factor of 729732243 and 237.
237
Calculate the highest common factor of 5709 and 10713890.
1903
What is the greatest common divisor of 26 and 5471362?
26
What is the highest common divisor of 2405 and 4376515?
65
What is the highest common divisor of 4913 and 190451?
289
Calculate the greatest common divisor of 74983405 and 3325.
665
Calculate the greatest common factor of 20 and 271382695.
5
Calculate the greatest common divisor of 146648 and 156032.
184
What is the highest common divisor of 274966818 and 7?
7
Calculate the highest common factor of 46437 and 3726.
69
Calculate the greatest common factor of 54 and 1195911.
27
Calculate the highest common factor of 1136590 and 57454.
2498
What is the highest common divisor of 2427271 and 721?
7
What is the greatest common factor of 10061571 and 429?
39
Calculate the highest common divisor of 10551146 and 4.
2
Calculate the highest common factor of 1152 and 2957208.
24
What is the greatest common divisor of 290950396 and 8382?
2794
Calculate the highest common divisor of 605267